3*n - 80. What is the remainder when 123 is divided by l(35)?
23
Let j(y) = 327*y**2 + 6*y - 1. Calculate the remainder when j(1) is divided by 6.
2
Suppose 8 = 2*y + 2*y. Suppose 2*m + 9 = -1. Calculate the remainder when y is divided by 4 + 3 + -1 + m.
0
Suppose -5*h + 4*x = 111, 5*h - 4*x = -3*x - 99. Let d = 16 + h. Let c = d - -38. What is the remainder when c is divided by 19?
16
Let p be ((-3)/(-12))/(4/(-192)*-4). Suppose -p*l + 57 = 3*v - 3, -24 = -l + v. Let g = 138 - 53. Calculate the remainder when g is divided by l.
19
Let i(t) = 4*t - 6. Calculate the remainder when i(6) is divided by (9/6*2)/(3/6).
0
Suppose -d - 43 = -3*v, 5*d - v + 147 = -3*v. Let x = -12 - d. Suppose -3*g = -50 - x. What is the remainder when g is divided by 12?
11
Let o = 324 + -283. Calculate the remainder when o is divided by 4.
1
What is the remainder when (-2 - -11 - 205)*-1 is divided by 40?
36
Let u = 38 + -9. What is the remainder when 15/2*(-68)/(-6) is divided by u?
27
Let v = 30 - 25. Suppose -v*n + 340 = -5*x, 0 = -0*n - 3*n + 15. Let t = -44 - x. Calculate the remainder when t is divided by 7.
5
Suppose -s + 54 = 5*o, -2 = 31*o - 32*o. Calculate the remainder when 305 is divided by s.
41
Suppose 8*k - 24 = -2*f + 5*k, -4*f - 5*k + 44 = 0. Calculate the remainder when 20 is divided by f.
2
Let u = 43 - -28. Suppose 5*g - 3*b = -5 + u, 46 = 3*g - 5*b. What is the remainder when 22 is divided by g?
10
Suppose 0*j + 2*y - 25 = -j, -2*j + 54 = 2*y. Calculate the remainder when 278 is divided by j.
17
Let c = -600 + 710. What is the remainder when 212 is divided by c?
102
Let i = 98 + -100. What is the remainder when (3/i)/(6/(-332)) is divided by 14?
13
What is the remainder when -8*1/14 - 166104/(-63) is divided by 29?
26
What is the remainder when 2 + (-4 - 1) - -118 is divided by 41?
33
Suppose 0 = 3*l - 120 - 93. Suppose -235*h + 229*h + 144 = 0. What is the remainder when l is divided by h?
23
Let b be 65/(-9) - (-12)/54. Calculate the remainder when (-2)/((-6)/b)*-54 is divided by 16.
14
Let a = 2463 - 1869. What is the remainder when a is divided by 65?
9
Suppose 2*o - k = 588, -865 = -4*o - 2*k + 295. Suppose 0 = -c + 5*c - o. Calculate the remainder when c is divided by 38.
35
What is the remainder when (110/77)/((-6)/(-861)) is divided by 15?
10
Suppose -52 = -4*d - 3*o, -24 = -3*d + 2*o + 15. Calculate the remainder when 297 is divided by d.
11
Let s = 262 + -184. Suppose -4*x - 4 = 4, -x + s = 4*z. Let l(i) = i**3 - 15*i**2 - 16*i + 7. Calculate the remainder when z is divided by l(16).
6
Let c(f) = -f**2 + 6*f + 16. Let d be c(7). Suppose -24 = -3*j + d. What is the remainder when 21 is divided by j?
10
Suppose 13*r - 84 = 46. What is the remainder when 72 is divided by r?
2
Suppose i = -i + 5*o - 1, 2*i = 4*o. Let d = -21 - i. Let t = d - -36. What is the remainder when t is divided by 8?
5
Let z be 1 - (-2 + 2 + -2). Calculate the remainder when 28 is divided by (-5 + (-15)/(-9))/((-2)/z).
3
Let i be 63/(13/28 + (-8)/(-28)). What is the remainder when 83 is divided by (-17)/51*i/(-1)?
27
Let b = 16 + -30. Let n = b - 1. Calculate the remainder when 47 is divided by (-13 - 2)*n/9.
22
Calculate the remainder when 25 is divided by 21/(-14)*(-50)/15.
0
Suppose 2*r - 3*u - 31 = 0, -2*r + 23 = -r - 4*u. Let m = 1 + 1. Suppose m*c = 4*c - 86. Calculate the remainder when c is divided by r.
10
Let p(s) = s**2 - s + 13. Suppose -7*c = -12*c + 35. What is the remainder when p(0) is divided by c?
6
Suppose -10 = -2*h - 2. Let y = 10 - h. Calculate the remainder when 11 is divided by y.
5
Let x(p) = 5*p - 24. Let v be x(-9). Let r = 127 + v. Let z = 29 - -1. What is the remainder when r is divided by z?
28
Let h be 8/(-1)*(-3 + 15/6). Calculate the remainder when 50 - (-3 + 3)/h is divided by 27.
23
Let p(x) = x**2 + 10*x + 11. Let y be p(-9). Let t(g) = -8*g - 6*g - 3 - y + 0*g. What is the remainder when t(-3) is divided by 13?
11
Let w(o) = -3*o - 32. Let z(i) = -i**3 - 6*i**2 + 3*i - 13. Let c be z(-7). Calculate the remainder when (-96)/36*c/(-2) is divided by w(-13).
6
Let s(c) = 9*c**2 - 15*c + 5. Calculate the remainder when 67 is divided by s(2).
1
Let c be (-6)/10 - 112/(-20). Suppose 2*q - 10 = -c*o + 20, -50 = -2*q + 5*o. Calculate the remainder when q is divided by 99/(-6)*4/(-6).
9
Suppose 0 = 2*b + 2 - 6. Suppose -3*s + 88 = b*y - 3*y, y + 144 = 5*s. Calculate the remainder when s is divided by 9.
1
Let q = -779 - -866. Calculate the remainder when 265 is divided by q.
4
Let n(d) = -d + 223. What is the remainder when n(-38) is divided by 53?
49
Let m(k) = -k + 4. Let f be (9/(-2))/(-9)*-6. Let q be m(f). Let p = q + -3. Calculate the remainder when 8 is divided by p.
0
Let c = -195 + 278. Suppose -4*a + c = -q, 2*a + 89 = 6*a - 3*q. Calculate the remainder when 77 is divided by a.
17
Let n(d) = 4*d - 9. Let p be n(3). Suppose 5*a - 57 = -3*z, -2*z + a = p*z - 67. What is the remainder when z is divided by 2?
0
Calculate the remainder when 64 is divided by ((-120)/10)/(4/(-8)).
16
Suppose 33*z - 485 = 30*z + 4*q, -5*z = 5*q - 785. Calculate the remainder when z is divided by 16.
15
Suppose -5*p + u = -224, 3*p - 119 - 9 = -u. Calculate the remainder when 172 is divided by p.
40
Let m = -1364 - -1379. Calculate the remainder when 73 is divided by m.
13
Calculate the remainder when 199 is divided by (-84)/49*(-140)/6.
39
Suppose -5*x + 3*n + 81 = -3, 5*n - 82 = -4*x. Let d = x - 13. What is the remainder when 12 is divided by d?
2
Let b(m) = 10*m + 3. Let d(p) = 11*p + 4. Let u(z) = -6*b(z) + 5*d(z). Let w(a) = 49*a**2 + a. Calculate the remainder when w(-1) is divided by u(-3).
14
Let a = 581 - 332. Calculate the remainder when a is divided by 28.
25
Suppose -647 = -24*j + 4945. Calculate the remainder when j is divided by 56.
9
What is the remainder when 45 is divided by (-35)/10*44/(-7)?
1
Let u be -49*7/(245/30). What is the remainder when 18 is divided by (-6)/(-14) + (-402)/u?
8
What is the remainder when (-2)/((-14)/(-385)*-5) is divided by 9?
2
Suppose -10*v = 54 - 184. Calculate the remainder when 244 is divided by v.
10
Suppose 7*c - 4*c - 21 = 0. Let x(o) = -o**3 + 10*o**2 + 3*o - 15. Calculate the remainder when x(c) is divided by 39.
36
Suppose -27*t - 540 = -36*t. Calculate the remainder when t is divided by (-5)/20 - 133/(-4).
27
Let a = 19 - 6. Suppose -a*g = -11*g - 6. What is the remainder when g is divided by 1?
0
Let q(p) = p**3 - 14*p**2 + 30*p - 20. Calculate the remainder when 830 is divided by q(12).
50
Suppose -3*t = -2*f - 3, -t - f - 6 = -4*t. Suppose 0 = 3*b + 3*s + 6 - 36, -4*s + 28 = t*b. Let u = 51 + b. Calculate the remainder when u is divided by 16.
15
Let z be (-338)/6 + 1 + 4/(-6). Let s = -38 - z. What is the remainder when 160 is divided by s?
16
Suppose 25 = -5*f, 0 = 2*v + 3*f + 64 - 191. Let j(w) = w**2 - 20*w + 12. Calculate the remainder when v is divided by j(20).
11
Suppose 78 = 2*a - 0*a. What is the remainder when 231 is divided by a?
36
Let c be 7/1 - 2 - 7. Let g be (-4)/2*3/(-2). Calculate the remainder when 21*(c/6 + g) is divided by 19.
18
Suppose 0 = -3*g + g + 6. Suppose 2*m + 8 = g*c, -5*c + 5*m + 35 = 6*m. Calculate the remainder when 17 is divided by c.
5
Suppose -17*i + 15 = -12*i. Let r(d) = 3*d + 11. Calculate the remainder when 51 is divided by r(i).
11
Suppose -3*r + 4*b = -33, 0 = 2*r - b - 28 + 6. Calculate the remainder when 249 is divided by r.
7
Calculate the remainder when 381 is divided by (-3740)/(-77) + (-12)/21.
45
Let d = -872 + 889. What is the remainder when 32 is divided by d?
15
What is the remainder when (5/(-10))/(3/(-144) - 0) is divided by 16?
8
Suppose -29*d + 1545 = 327. What is the remainder when d is divided by 31?
11
Let h be 13*2*7/(-14). Let i(n) be the third derivative of -n**4/24 - n**3 + n**2. What is the remainder when 19 is divided by i(h)?
5
Suppose -4*l - 29 = -w, -5*l - 43 = -w - w. Suppose -13*q = -3*q - 350. Calculate the remainder when q is divided by w.
8
Suppose 11 = i - 7. What is the remainder when ((-53)/9 - -6) + (-305)/(-9) is divided by i?
16
Let b be 19 + -14 - (-3)/((-3)/2). Suppose -325 = -2*u - b*u. Calculate the remainder when u is divided by 22.
21
Let p = -11226 + 11237. Suppose 3*j - 2*c = -4*c + 413, -5*j = 3*c - 690.